r of f and 144.
18
Suppose 8428 - 2268 = 28*b. What is the highest common factor of 44 and b?
44
Let b(u) = 25*u + 393. Let c be b(-15). What is the highest common divisor of c and 153?
9
Let u = 217 + -151. Calculate the greatest common factor of 297 and u.
33
Let d(m) = m**2 + 14*m - 126. Let y be d(-21). Calculate the greatest common divisor of y and 70.
7
Let t = -28 - -43. Let u(a) = -2*a - 11. Let r be u(-8). What is the highest common divisor of t and r?
5
Suppose 3*t - 1053 + 333 = -5*x, 0 = -4*t - 20. Calculate the greatest common factor of x and 210.
21
Suppose -8*n + 6 = -11*n, 4*a = n + 242. What is the greatest common factor of 150 and a?
30
Suppose 2*p + 2*p = -m - 357, -1470 = 4*m + 2*p. Let v = 523 + m. Calculate the highest common divisor of 14 and v.
14
Suppose -30*v = -335 - 655. Calculate the highest common factor of v and 3.
3
Let g be ((-120)/(-9))/((-22)/(-33)). Calculate the highest common divisor of g and 500.
20
Suppose 89 + 136 = 9*a. Let h = a + 35. Calculate the highest common divisor of h and 40.
20
Let k be ((-3)/2 - -1)*-180. Suppose -13*f + 10*f + 162 = 0. Let n = -36 + f. What is the greatest common factor of n and k?
18
Suppose 8*j - 13*j - k + 114 = 0, 4*k = 16. What is the highest common factor of j and 176?
22
Suppose -3 = 4*p - 11, -5*p - 182 = -4*d. Suppose 4*k - b - 44 = 3*b, -4*k + d = -2*b. What is the highest common factor of 65 and k?
13
Let v(z) = z - 11. Let k be v(14). Suppose k*s - 5*s = -88. Calculate the highest common divisor of s and 4.
4
Suppose -11*v = -10*v. Suppose -w - 2*w = v. Let b be 51 - w - (1 + 2). What is the greatest common factor of 6 and b?
6
Suppose 35 = 5*z + 3*p, -5*z + 3*p + 1 = -64. What is the highest common factor of 490 and z?
10
Let a(q) = 6*q**2 - 105*q + 63. Let d be a(17). Calculate the greatest common divisor of 3684 and d.
12
Suppose 0 = 4*j + 6 + 26. Let s be ((-22)/j)/((-1)/(-12)). Let r(g) = 4*g - 89. Let q be r(23). Calculate the highest common divisor of s and q.
3
Let o be ((-24)/(-10))/((-5)/(-150)). Let r = -54 + o. What is the highest common factor of r and 27?
9
Let s be (-189)/(-12) + (-3)/(-12). Let b = -214 + 246. Calculate the highest common divisor of b and s.
16
Suppose -4263 = -3*s + 3*z - 0*z, 8*s + 3*z - 11412 = 0. Calculate the highest common factor of s and 57.
57
Let z be (4/12)/((-2)/(-102)). Suppose -z = -4*s + 15. Suppose 0 + s = 2*a. Calculate the highest common factor of 28 and a.
4
Let y be ((-72)/10)/(4/(-70)). Suppose 5*f - 5*x - 400 = 0, -256 = -4*f - 4*x + 96. Calculate the highest common divisor of y and f.
42
Let g = 109 - 134. Suppose 0 = -4*o - o - 190. Let y = g - o. Calculate the greatest common factor of 65 and y.
13
Let s = 7790 + -5422. Calculate the greatest common divisor of s and 148.
148
Let c be ((-81)/(-12))/((-1)/(-28)). Let d be ((-65)/(-10))/(-13)*(0 - 24). Suppose 0 = -b + 15 + d. Calculate the highest common divisor of b and c.
27
Let i(s) = 8*s**3 - 2*s + 5*s - 2 + 12*s**3 - s**3. Let r be i(1). What is the greatest common divisor of 4 and r?
4
Let q(k) = -7*k - 182. Let j be q(-22). Suppose -3*m + 3*t = -9, t - 3*t = 10. Let b be (-1)/(2/j) + m. Calculate the greatest common factor of 60 and b.
12
Let z be (2 - 3 - -4)*608/6. Calculate the greatest common divisor of z and 16.
16
Suppose -o + 6*o + q = -5, 3*o - 10 = 2*q. Suppose o = 4*j + 4*f - 28, -3*j = 2*j - 3*f - 51. What is the highest common divisor of 6 and j?
3
Suppose 2*c - 20 = -7*m + 3*m, -c + 22 = 5*m. Let s = 16 + -8. What is the highest common divisor of s and m?
4
Suppose 256 - 196 = 5*m. Calculate the greatest common divisor of m and 108.
12
Let o be 4*1*(-115)/(-20). Let v = o + -16. Calculate the greatest common factor of v and 7.
7
Let n = -8 + 16. Let d(t) = -t**3 + 67*t**2 - 129*t - 9. Let h be d(65). Calculate the highest common factor of h and n.
8
Let z be (1/(-1))/(2/46). Let j = z + 33. What is the greatest common factor of 90 and j?
10
Suppose 4*d - 19 = 5. Calculate the highest common divisor of d and 21.
3
Let r be 2/(-22) - (-2450)/(-154). Let s = 2 + -11. Let q = s - r. Calculate the highest common divisor of q and 77.
7
Suppose 2*w + 4*l - 176 = -2*w, 34 = w - l. Suppose -3*q + 31 = 3*p - p, -5*p = -4*q + 72. Calculate the greatest common factor of w and q.
13
Suppose -2*i - 5*g + 61 = 0, 18*g - 196 = -5*i + 20*g. Calculate the greatest common divisor of i and 6.
2
Suppose c = m - 2*c - 3835, -2*m = -c - 7680. Calculate the greatest common factor of 23 and m.
23
Let c(r) = 3*r + 61. Suppose -3*j - j = 72. Let p be c(j). Calculate the greatest common factor of 7 and p.
7
Let b = -49 - -46. Let r(i) = -2*i - 1. Let m be r(b). Let x be 1/((-2)/(-72)) + -1. Calculate the greatest common divisor of m and x.
5
Let w = -50 - -55. Suppose -2*u + 3*u = 5*p - 107, 0 = -p + w*u + 31. What is the highest common factor of p and 147?
21
Let v be 42/12*(-20)/(-7). Suppose -k - 4*h + 166 = 0, -2*k + 5*h + 685 = 2*k. What is the greatest common divisor of v and k?
10
Let f(o) = -o + 93. Let n be f(13). Calculate the highest common factor of 240 and n.
80
Let l(n) = 13 + 6 + 0*n**2 + n**2. Let a be l(0). Let m = 21 - a. What is the greatest common divisor of 10 and m?
2
Let u(m) = 9*m - 7. Let c be u(-7). Let v = 158 + c. Calculate the highest common divisor of v and 22.
22
Let n = 2474 + -2414. What is the greatest common divisor of 300 and n?
60
Suppose 6*f = -f + 56. Let q be (-2)/8 + 10/f. What is the highest common divisor of q and 11?
1
Let y = -63 + 175. Let j(g) = -g**2 - 11*g - 16. Let s be -9 + (-3 - -3) + 9/3. Let x be j(s). Calculate the highest common divisor of y and x.
14
Let u(n) = 14*n**3 - 5*n**2 - n. Let l be u(3). What is the highest common factor of 66 and l?
66
Let i(a) = -7*a + 4. Let c be i(-3). Let j be (-1)/(-6) + (-413)/(-42). What is the highest common factor of j and c?
5
Suppose -10 + 1 = -3*f. Suppose -i = -f*i + 14. Suppose 0 = -i*z + 4*z + 60. What is the greatest common factor of 4 and z?
4
Suppose 0*h + 3 = h. Suppose h*r = 5*m - 46, 5*m - r - 30 = 2*m. Suppose 5*w = -4*b + 25, w + b + 0 - 6 = 0. Calculate the highest common factor of m and w.
1
Let o = 430 + -196. Suppose 0 = 14*v + o - 738. What is the highest common divisor of v and 48?
12
Let u = -1557 + 1565. Let k be (-4)/(-6)*3/2. Calculate the highest common divisor of k and u.
1
Let j(z) = -17*z - 10. Let l be j(-2). Suppose 0 = 4*o - l - 812. Calculate the greatest common factor of 19 and o.
19
Suppose 0 = 15*g - 32*g + 34. Suppose 4*y = y - 15, -4*v - g*y = -22. Calculate the highest common factor of 56 and v.
8
Suppose -13*o + 18*o = 20. Let q(r) = r**3 + 14*r**2 - o*r + 0*r**3 + 0*r - 6 - 12*r. Let j be q(-15). Calculate the greatest common factor of 18 and j.
9
Let n(q) = 5*q - 31. Let f be n(9). Let d = f + 10. Calculate the highest common divisor of 12 and d.
12
Let s = -390 + 489. What is the highest common factor of s and 54?
9
Let n(r) = 63*r**2 - r + 2. Let w be n(-1). Calculate the greatest common factor of w and 330.
66
Suppose 0 = 24*r - 14*r - 2730. What is the greatest common divisor of 7 and r?
7
Let l = -13 - -38. Suppose 138 = 2*y - s - 3*s, -3*y - 3*s + 234 = 0. Calculate the greatest common divisor of y and l.
25
Suppose -126 = -3*g - 6. Let r = -1 + g. What is the highest common divisor of r and 273?
39
Suppose 0 = 59*s - 110065 + 29117. What is the greatest common divisor of s and 28?
28
Let p be (-134)/(-5) - (-31)/155. What is the highest common factor of 441 and p?
9
Suppose 4*s + 5*i - 185 = 0, -8*i + 3*i = -5. Let f be ((-30)/(-8))/(3/48). Calculate the highest common divisor of s and f.
15
Let q be 784/(-12)*1 + (-4)/6. Let w = 81 + q. Let f = 22 + -12. What is the greatest common divisor of f and w?
5
Let l(r) = -18*r + 81. Let x be l(-3). Calculate the highest common factor of x and 30.
15
Let n = -1 + 4. Suppose 0 = -3*q - 5*i - 16, 4*q + n*i - 7 = 2*i. Suppose 3*l - 45 = -3*b, -2*b + 50 = l + q*l. Calculate the highest common factor of 40 and l.
10
Suppose 0 = 4*v - 3*t - 6, 0 = -4*v - 0*t + 2*t + 4. Let o be (18/(-15))/((-4)/10). Let u be (o - v) + 4 + -3. Calculate the greatest common factor of u and 12.
4
Let g be (9 - 90/6)/(4/(-18)). Calculate the highest common factor of 531 and g.
9
Suppose 2*s + 8 = 6*s. Sup